In base 2, what is 1111001011110011001111 - -1010?
1111001011110011011001
In base 10, what is -12752593 + 12?
-12752581
In base 4, what is 1212121 + -1003123?
202332
In base 6, what is 1023010 - -11532?
1034542
In base 15, what is -9 + -b35657e?
-b356588
In base 2, what is -111 - -100010001000000111011101010?
100010001000000111011100011
In base 15, what is -2 - 2e8d1c?
-2e8d1e
In base 14, what is -1 - -4da154?
4da153
In base 7, what is 5116506 + 3?
5116512
In base 6, what is 15220314 - -20?
15220334
In base 3, what is -2011101 + 1000121010?
221102202
In base 4, what is 21033310300 - 12?
21033310222
In base 4, what is -2020212 - 120?
-2020332
In base 5, what is -2101 + 141023222?
141021121
In base 10, what is 12151315 + 1?
12151316
In base 16, what is 477 + -18fc0?
-18b49
In base 10, what is 7 + 9980254?
9980261
In base 3, what is 12 - 221001112010?
-221001111221
In base 13, what is -5 + 486b9?
486b4
In base 5, what is 232410 + -4100342?
-3312432
In base 2, what is 111110101110111011 + 10000110?
111110110001000001
In base 9, what is 2 - 1700182?
-1700180
In base 2, what is 111 - 11111010100001101110?
-11111010100001100111
In base 16, what is 106d46 - 27?
106d1f
In base 13, what is -3 + 61354a?
613547
In base 11, what is -9 - 22407607?
-22407615
In base 10, what is 5 - -1572538?
1572543
In base 11, what is -1497a + -7160?
-2102a
In base 3, what is -1121 + 1220021121122?
1220021120001
In base 9, what is 173825 - 387?
173427
In base 10, what is 16 + -693680?
-693664
In base 11, what is -1270264 - 114?
-1270378
In base 5, what is 1 - 2030240302?
-2030240301
In base 10, what is 2 + -6672909?
-6672907
In base 10, what is -63884098 + -1?
-63884099
In base 3, what is 10001 - -11211102020?
11211112021
In base 12, what is bb1b5aa + -3?
bb1b5a7
In base 2, what is 10000101111001010001111000 + -1?
10000101111001010001110111
In base 15, what is -9eb2d6 - -4?
-9eb2d2
In base 9, what is -2650 + 636557?
633807
In base 5, what is -123142 + -20300?
-143442
In base 12, what is -14 - 423a904?
-423a918
In base 4, what is -3133020 + -20111?
-3213131
In base 2, what is 1010110110011000011001 - 11?
1010110110011000010110
In base 13, what is 2a4026 - -139?
2a4162
In base 9, what is 4023266 + 45?
4023322
In base 8, what is 0 + -200111353?
-200111353
In base 13, what is -67838 - 12?
-6784a
In base 14, what is -2 + -6708bc1?
-6708bc3
In base 9, what is -343413 - -28?
-343374
In base 2, what is -1000000100110110101001 + 10?
-1000000100110110100111
In base 15, what is -1b6a422 - 3?
-1b6a425
In base 12, what is 2 + -7b598a?
-7b5988
In base 2, what is 10101 + -11000101100100001001?
-11000101100011110100
In base 15, what is 444 - -20b0?
2504
In base 7, what is -4603144 + 1?
-4603143
In base 6, what is 445 - -344352?
345241
In base 14, what is -2cb53300 + 0?
-2cb53300
In base 10, what is 2 + 35729989?
35729991
In base 13, what is 26 + -5017c?
-50156
In base 15, what is -21d80 - -b8?
-21cb7
In base 3, what is -2 + -122112011010001?
-122112011010010
In base 5, what is 3341342 + -22?
3341320
In base 7, what is 5 + -66153306?
-66153301
In base 2, what is 10 - -1110100111110111010001011?
1110100111110111010001101
In base 16, what is 2b23d99 + 5?
2b23d9e
In base 5, what is 43244410 - -211?
43300121
In base 8, what is 764 + 152146?
153132
In base 2, what is -1000001111111010100 + -101101?
-1000010000000000001
In base 12, what is 14bb1187 - -5?
14bb1190
In base 4, what is -110133101 + 11203?
-110121232
In base 4, what is -1221221230 - 23021?
-1221310311
In base 2, what is 101100110001011 - 101110100?
101100000010111
In base 11, what is -48a349380 - -5?
-48a349376
In base 3, what is 20120 - -201001211120?
201002002010
In base 13, what is 171 + 19281?
19422
In base 14, what is -6d5 - -4c471?
4bb7a
In base 10, what is -200 + 257812?
257612
In base 10, what is -320 + 66723?
66403
In base 5, what is -13001213130 - -1?
-13001213124
In base 14, what is 431002 - -1b?
43101d
In base 13, what is -14859a + 12?
-148588
In base 9, what is 0 - -218153140?
218153140
In base 9, what is -372 + -153683?
-154165
In base 7, what is 21515605 - 45?
21515530
In base 13, what is -37 + -13b7022?
-13b7059
In base 5, what is 442132 + -442?
441140
In base 3, what is -12100000112100 + -1?
-12100000112101
In base 13, what is 318aa - -21?
318cb
In base 8, what is -67670203 - 2?
-67670205
In base 16, what is -66 - 79273?
-792d9
In base 13, what is a6a867 + 4?
a6a86b
In base 15, what is -86cb90b + 4?
-86cb907
In base 4, what is 121003310 - 2301?
121001003
In base 14, what is 299c + 230c0?
25a7c
In base 2, what is 10010000001111101110010101 - 0?
10010000001111101110010101
In base 7, what is -6566455 - -36?
-6566416
In base 11, what is -653870 + 10?
-653860
In base 9, what is -1555 + -1021?
-2576
In base 14, what is 73 + -17140?
-170ab
In base 5, what is -2 - -32314443440?
32314443433
In base 11, what is -47465 + 71?
-473a4
In base 16, what is -bd2a - -205b?
-9ccf
In base 5, what is -21311443413 + 3?
-21311443410
In base 8, what is -10 - -1320664?
1320654
In base 6, what is 3121450112 - -2?
3121450114
In base 3, what is -2022001220010201 - 21?
-2022001220010222
In base 13, what is -1cb - -5aac2?
5a8c4
In base 15, what is 81a + ca3?
15bd
In base 3, what is -110201112212 + 100001?
-110201012211
In base 7, what is -406350 - -2?
-406345
In base 6, what is 30240 - 241501?
-211221
In base 10, what is 8238 + -6?
8232
In base 6, what is -1211334 + 212?
-1211122
In base 12, what is 0 - -32a7a98?
32a7a98
In base 12, what is -a418a43 + -5?
-a418a48
In base 11, what is -4249 + 60162?
56a14
In base 13, what is -1c81 + -21a1?
-4152
In base 9, what is 13644 - 22358?
-7614
In base 4, what is 12032311311 + 1?
12032311312
In base 3, what is 2 + 1212102121111210?
1212102121111212
In base 7, what is 6232 - 123434?
-114202
In base 11, what is -19566 - 859a?
-27055
In base 13, what is -2c088bb - 1b?
-2c08909
In base 3, what is -1212102010221 - 1010?
-1212102012001
In base 13, what is -5 - 19b6cc49?
-19b6cc51
In base 13, what is 11b1 + -2177?
-c96
In base 9, what is -277137 - -1170?
-275857
In base 16, what is -993e - -efd?
-8a41
In base 11, what is 150680 - -55a?
15112a
In base 2, what is -1000 - -11010010110000101000001?
11010010110000100111001
In base 14, what is -10ca783 - 8?
-10ca78b
In base 8, what is 30450 - 243?
30205
In base 4, what is 2130010131312 + -30?
2130010131222
In base 12, what is 1192 + 82?
1254
In base 7, what is -4140 + 1323301?
1316131
In base 4, what is -1220 + -12112032?
-12113312
In base 10, what is -19268581 + 7?
-19268574
In base 13, what is -35a - 26b?
-5c8
In base 9, what is -221 - 138872?
-140203
In base 2, what is 1010 - -100101100001110100101?
100101100001110101111
In base 12, what is 1586b1 - 4?
1586a9
In base 9, what is -1121515 - -45?
-1121460
In base 3, what is 1020200110 - 2222?
1020120111
In base 12, what is 238 + -2196b3?
-219477
In base 2, what is -100100011111001 - -110010001000?
-11110001110001
In base 8, what is 6 + 1006130622?
1006130630
In base 6, what is 423313 + 35523?
503240
In base 11, what is 33a93023 + -3?
33a93020
In base 13, what is 51b - -b1678?
b1b96
In base 12, what is -2b73 - 8127?
-b09a
In base 11, what is -5 + 18046006?
18046001
In base 12, what is -7 + 2360397?
2360390
In base 16, what is 3 + -29aa1ab?
-29aa1a8
In base 4, what is 103003333 + 223022?
103233021
In base 14, what is -43380 + 12?
-4336c
In base 15, what is -485b7 + b59?
-4795d
In base 2, what is -110000001000 - 1101100010110?
-10011100011110
In base 15, what is -1495a - -19?
-14941
In base 13, what is -3 + -10879c21?
-10879c24
In base 8, what is -1 + 162460327?
162460326
In base 6, what is -5242450 + -21?
-5242511
In base 9, what is -113 + 88028?
87815
In base 15, what is 2 - a0ae5d?
-a0ae5b
In base 5, what is 3 + -34044420?
-34044412
In base 4, what is -3 - -10103311031030?
10103311031021
In base 14, what is 4 - -309dd2?
309dd6
In base 3, what is 10120011111100011 - 12?
10120011111022222
In base 4, what is -101013132012 + 1?
-101013132011
In base 6, what is -12120 - 5443344?
-5455504
In base 9, what is 70807127 - 6?
70807121
In base 3, what is 1222120112001 - 111010?
1222120000221
In base 16, what is -1 + -3319c?
-3319d
In base 9, what is 28656110 + -30?
28656070
In base 7, what is 235 - 1455114?
-1454546
In base 11,